{"id":451,"date":"2011-04-27T14:39:14","date_gmt":"2011-04-27T14:39:14","guid":{"rendered":"http:\/\/www.damery.com\/dev\/petrawauters\/?page_id=451"},"modified":"2026-02-21T11:56:00","modified_gmt":"2026-02-21T10:56:00","slug":"atmospheres","status":"publish","type":"page","link":"https:\/\/www.damery.com\/petrawauters\/atmospheres\/","title":{"rendered":"Atmosph\u00e8res"},"content":{"rendered":"\n<figure class=\"wp-block-gallery has-nested-images columns-default is-cropped wp-block-gallery-1 is-layout-flex wp-block-gallery-is-layout-flex\">\n<figure data-wp-context=\"{ &quot;core&quot;:\n\t\t\t\t{ &quot;image&quot;:\n\t\t\t\t\t{   &quot;imageLoaded&quot;: false,\n\t\t\t\t\t\t&quot;initialized&quot;: false,\n\t\t\t\t\t\t&quot;lightboxEnabled&quot;: false,\n\t\t\t\t\t\t&quot;hideAnimationEnabled&quot;: false,\n\t\t\t\t\t\t&quot;preloadInitialized&quot;: false,\n\t\t\t\t\t\t&quot;lightboxAnimation&quot;: &quot;zoom&quot;,\n\t\t\t\t\t\t&quot;imageUploadedSrc&quot;: &quot;https:\/\/www.damery.com\/petrawauters\/wp-content\/uploads\/2026\/02\/Ambiance-Ambiance-pluie-quand-vient-la-nuit-scaled.jpeg&quot;,\n\t\t\t\t\t\t&quot;imageCurrentSrc&quot;: &quot;&quot;,\n\t\t\t\t\t\t&quot;targetWidth&quot;: &quot;2560&quot;,\n\t\t\t\t\t\t&quot;targetHeight&quot;: &quot;1143&quot;,\n\t\t\t\t\t\t&quot;scaleAttr&quot;: &quot;&quot;,\n\t\t\t\t\t\t&quot;dialogLabel&quot;: &quot;Image agrandie&quot;\n\t\t\t\t\t}\n\t\t\t\t}\n\t\t\t}\" data-wp-interactive class=\"wp-block-image size-large is-style-default wp-lightbox-container\"><img loading=\"lazy\" decoding=\"async\" width=\"520\" height=\"232\" data-wp-effect--setStylesOnResize=\"effects.core.image.setStylesOnResize\" data-wp-effect=\"effects.core.image.setButtonStyles\" data-wp-init=\"effects.core.image.initOriginImage\" data-wp-on--click=\"actions.core.image.showLightbox\" data-wp-on--load=\"actions.core.image.handleLoad\" data-id=\"3674\" src=\"https:\/\/www.damery.com\/petrawauters\/wp-content\/uploads\/2026\/02\/Ambiance-Ambiance-pluie-quand-vient-la-nuit-520x232.jpeg\" alt=\"\" class=\"wp-image-3674\" srcset=\"https:\/\/www.damery.com\/petrawauters\/wp-content\/uploads\/2026\/02\/Ambiance-Ambiance-pluie-quand-vient-la-nuit-520x232.jpeg 520w, https:\/\/www.damery.com\/petrawauters\/wp-content\/uploads\/2026\/02\/Ambiance-Ambiance-pluie-quand-vient-la-nuit-300x134.jpeg 300w, https:\/\/www.damery.com\/petrawauters\/wp-content\/uploads\/2026\/02\/Ambiance-Ambiance-pluie-quand-vient-la-nuit-768x343.jpeg 768w, https:\/\/www.damery.com\/petrawauters\/wp-content\/uploads\/2026\/02\/Ambiance-Ambiance-pluie-quand-vient-la-nuit-1536x686.jpeg 1536w, https:\/\/www.damery.com\/petrawauters\/wp-content\/uploads\/2026\/02\/Ambiance-Ambiance-pluie-quand-vient-la-nuit-2048x914.jpeg 2048w\" sizes=\"(max-width: 520px) 100vw, 520px\" \/><button\n\t\t\tclass=\"lightbox-trigger\"\n\t\t\ttype=\"button\"\n\t\t\taria-haspopup=\"dialog\"\n\t\t\taria-label=\"Agrandir l\u2018image\"\n\t\t\tdata-wp-on--click=\"actions.core.image.showLightbox\"\n\t\t\tdata-wp-style--right=\"context.core.image.imageButtonRight\"\n\t\t\tdata-wp-style--top=\"context.core.image.imageButtonTop\"\n\t\t>\n\t\t\t<svg xmlns=\"http:\/\/www.w3.org\/2000\/svg\" width=\"12\" height=\"12\" fill=\"none\" viewBox=\"0 0 12 12\">\n\t\t\t\t<path fill=\"#fff\" d=\"M2 0a2 2 0 0 0-2 2v2h1.5V2a.5.5 0 0 1 .5-.5h2V0H2Zm2 10.5H2a.5.5 0 0 1-.5-.5V8H0v2a2 2 0 0 0 2 2h2v-1.5ZM8 12v-1.5h2a.5.5 0 0 0 .5-.5V8H12v2a2 2 0 0 1-2 2H8Zm2-12a2 2 0 0 1 2 2v2h-1.5V2a.5.5 0 0 0-.5-.5H8V0h2Z\" \/>\n\t\t\t<\/svg>\n\t\t<\/button><figcaption class=\"wp-element-caption\">Ambiance pluie, quand vient la nuit<\/figcaption>        <div data-wp-body=\"\" class=\"wp-lightbox-overlay zoom\"\n            data-wp-bind--role=\"selectors.core.image.roleAttribute\"\n            data-wp-bind--aria-label=\"selectors.core.image.dialogLabel\"\n            data-wp-class--initialized=\"context.core.image.initialized\"\n            data-wp-class--active=\"context.core.image.lightboxEnabled\"\n            data-wp-class--hideAnimationEnabled=\"context.core.image.hideAnimationEnabled\"\n            data-wp-bind--aria-modal=\"selectors.core.image.ariaModal\"\n            data-wp-effect=\"effects.core.image.initLightbox\"\n            data-wp-on--keydown=\"actions.core.image.handleKeydown\"\n            data-wp-on--touchstart=\"actions.core.image.handleTouchStart\"\n            data-wp-on--touchmove=\"actions.core.image.handleTouchMove\"\n            data-wp-on--touchend=\"actions.core.image.handleTouchEnd\"\n            data-wp-on--click=\"actions.core.image.hideLightbox\"\n            tabindex=\"-1\"\n            >\n                <button type=\"button\" aria-label=\"Fermer\" style=\"fill: #000\" class=\"close-button\" data-wp-on--click=\"actions.core.image.hideLightbox\">\n                    <svg xmlns=\"http:\/\/www.w3.org\/2000\/svg\" viewBox=\"0 0 24 24\" width=\"20\" height=\"20\" aria-hidden=\"true\" focusable=\"false\"><path d=\"M13 11.8l6.1-6.3-1-1-6.1 6.2-6.1-6.2-1 1 6.1 6.3-6.5 6.7 1 1 6.5-6.6 6.5 6.6 1-1z\"><\/path><\/svg>\n                <\/button>\n                <div class=\"lightbox-image-container\">\n<figure class=\"wp-block-image size-large is-style-default responsive-image\"><img decoding=\"async\" data-wp-bind--src=\"context.core.image.imageCurrentSrc\" data-wp-style--object-fit=\"selectors.core.image.lightboxObjectFit\" data-id=\"3674\" src=\"\" alt=\"\" class=\"wp-image-3674\"\/><figcaption class=\"wp-element-caption\">Ambiance pluie, quand vient la nuit<\/figcaption><\/figure>\n<\/div>\n                <div class=\"lightbox-image-container\">\n<figure class=\"wp-block-image size-large is-style-default enlarged-image\"><img decoding=\"async\" data-wp-bind--src=\"selectors.core.image.enlargedImgSrc\" data-wp-style--object-fit=\"selectors.core.image.lightboxObjectFit\" data-id=\"3674\" src=\"\" alt=\"\" class=\"wp-image-3674\"\/><figcaption class=\"wp-element-caption\">Ambiance pluie, quand vient la nuit<\/figcaption><\/figure>\n<\/div>\n                <div class=\"scrim\" style=\"background-color: #fff\" aria-hidden=\"true\"><\/div>\n        <\/div><\/figure>\n\n\n\n<figure class=\"wp-block-image size-large is-style-default\"><a href=\"https:\/\/www.damery.com\/petrawauters\/wp-content\/uploads\/2020\/05\/Atmosph\u00e8re-Sainte-Victoire-au-petit-matin-2-scaled.jpg\"><img loading=\"lazy\" decoding=\"async\" width=\"1024\" height=\"655\" data-id=\"2168\" src=\"https:\/\/www.damery.com\/petrawauters\/wp-content\/uploads\/2020\/05\/Atmosph\u00e8re-Sainte-Victoire-au-petit-matin-2-1024x655.jpg\" alt=\"\" class=\"wp-image-2168\" srcset=\"https:\/\/www.damery.com\/petrawauters\/wp-content\/uploads\/2020\/05\/Atmosph\u00e8re-Sainte-Victoire-au-petit-matin-2-1024x655.jpg 1024w, https:\/\/www.damery.com\/petrawauters\/wp-content\/uploads\/2020\/05\/Atmosph\u00e8re-Sainte-Victoire-au-petit-matin-2-300x192.jpg 300w, https:\/\/www.damery.com\/petrawauters\/wp-content\/uploads\/2020\/05\/Atmosph\u00e8re-Sainte-Victoire-au-petit-matin-2-768x491.jpg 768w, https:\/\/www.damery.com\/petrawauters\/wp-content\/uploads\/2020\/05\/Atmosph\u00e8re-Sainte-Victoire-au-petit-matin-2-1536x982.jpg 1536w, https:\/\/www.damery.com\/petrawauters\/wp-content\/uploads\/2020\/05\/Atmosph\u00e8re-Sainte-Victoire-au-petit-matin-2-2048x1309.jpg 2048w\" sizes=\"(max-width: 1024px) 100vw, 1024px\" \/><\/a><figcaption class=\"wp-element-caption\">Sainte Victoire au petit matin<\/figcaption><\/figure>\n\n\n\n<figure class=\"wp-block-image size-large is-style-default\"><a href=\"https:\/\/www.damery.com\/petrawauters\/wp-content\/uploads\/2020\/05\/Atmosph\u00e8re-Eclaircie-rose-dans-les-dunes-et-oyats-scaled.jpg\"><img loading=\"lazy\" decoding=\"async\" width=\"1024\" height=\"768\" data-id=\"2148\" src=\"https:\/\/www.damery.com\/petrawauters\/wp-content\/uploads\/2020\/05\/Atmosph\u00e8re-Eclaircie-rose-dans-les-dunes-et-oyats-1024x768.jpg\" alt=\"\" class=\"wp-image-2148\" srcset=\"https:\/\/www.damery.com\/petrawauters\/wp-content\/uploads\/2020\/05\/Atmosph\u00e8re-Eclaircie-rose-dans-les-dunes-et-oyats-1024x768.jpg 1024w, https:\/\/www.damery.com\/petrawauters\/wp-content\/uploads\/2020\/05\/Atmosph\u00e8re-Eclaircie-rose-dans-les-dunes-et-oyats-300x225.jpg 300w, https:\/\/www.damery.com\/petrawauters\/wp-content\/uploads\/2020\/05\/Atmosph\u00e8re-Eclaircie-rose-dans-les-dunes-et-oyats-768x576.jpg 768w, https:\/\/www.damery.com\/petrawauters\/wp-content\/uploads\/2020\/05\/Atmosph\u00e8re-Eclaircie-rose-dans-les-dunes-et-oyats-1536x1152.jpg 1536w, https:\/\/www.damery.com\/petrawauters\/wp-content\/uploads\/2020\/05\/Atmosph\u00e8re-Eclaircie-rose-dans-les-dunes-et-oyats-2048x1536.jpg 2048w\" sizes=\"(max-width: 1024px) 100vw, 1024px\" \/><\/a><figcaption class=\"wp-element-caption\">Eclaircie  sur les dunes<\/figcaption><\/figure>\n\n\n\n<figure class=\"wp-block-image size-large is-style-default\"><a href=\"https:\/\/www.damery.com\/petrawauters\/wp-content\/uploads\/2020\/05\/Atmosph\u00e8re-l\u00e9claircie-sur-les-dunes-scaled-e1600449979946.jpg\"><img loading=\"lazy\" decoding=\"async\" width=\"1024\" height=\"810\" data-id=\"2223\" src=\"https:\/\/www.damery.com\/petrawauters\/wp-content\/uploads\/2020\/05\/Atmosph\u00e8re-l\u00e9claircie-sur-les-dunes-1024x810.jpg\" alt=\"\" class=\"wp-image-2223\"\/><\/a><figcaption class=\"wp-element-caption\">Eclaircie sur les dunes<\/figcaption><\/figure>\n<\/figure>\n\n\n\n<figure class=\"wp-block-gallery aligncenter has-nested-images columns-default is-cropped wp-block-gallery-2 is-layout-flex wp-block-gallery-is-layout-flex\">\n<figure class=\"wp-block-image size-large is-style-default\"><a href=\"https:\/\/www.damery.com\/petrawauters\/wp-content\/uploads\/2020\/05\/Atmosph\u00e8re-oyats-sous-lorage-vertical-1-scaled-e1600450037106.jpg\"><img loading=\"lazy\" decoding=\"async\" width=\"768\" height=\"1024\" data-id=\"2141\" src=\"https:\/\/www.damery.com\/petrawauters\/wp-content\/uploads\/2020\/05\/Atmosph\u00e8re-oyats-sous-lorage-vertical-1-768x1024.jpg\" alt=\"\" class=\"wp-image-2141\"\/><\/a><figcaption class=\"wp-element-caption\">Atmosph\u00e8re oyats sous l&rsquo;orage<\/figcaption><\/figure>\n\n\n\n<figure class=\"wp-block-image size-large is-style-default\"><a href=\"https:\/\/www.damery.com\/petrawauters\/wp-content\/uploads\/2020\/05\/Atmosph\u00e8re-le-pont-et-larbre-1-scaled-e1600450051232.jpg\"><img loading=\"lazy\" decoding=\"async\" width=\"1024\" height=\"779\" data-id=\"2163\" src=\"https:\/\/www.damery.com\/petrawauters\/wp-content\/uploads\/2020\/05\/Atmosph\u00e8re-le-pont-et-larbre-1-1024x779.jpg\" alt=\"\" class=\"wp-image-2163\"\/><\/a><figcaption class=\"wp-element-caption\">Le pont et l&rsquo;arbre<\/figcaption><\/figure>\n\n\n\n<figure class=\"wp-block-image size-large is-style-default\"><a href=\"https:\/\/www.damery.com\/petrawauters\/wp-content\/uploads\/2020\/05\/Atmosph\u00e8re-chemin-dans-les-dunes-et-oyats-1-e1600450061836.jpg\"><img loading=\"lazy\" decoding=\"async\" width=\"1024\" height=\"685\" data-id=\"2172\" src=\"https:\/\/www.damery.com\/petrawauters\/wp-content\/uploads\/2020\/05\/Atmosph\u00e8re-chemin-dans-les-dunes-et-oyats-1-1024x685.jpg\" alt=\"\" class=\"wp-image-2172\"\/><\/a><figcaption class=\"wp-element-caption\">Orages sur les dunes et oyats<\/figcaption><\/figure>\n<\/figure>\n\n\n\n<figure class=\"wp-block-gallery aligncenter has-nested-images columns-default is-cropped wp-block-gallery-3 is-layout-flex wp-block-gallery-is-layout-flex\">\n<figure class=\"wp-block-image size-large is-style-default\"><a href=\"https:\/\/www.damery.com\/petrawauters\/wp-content\/uploads\/2020\/05\/Atmosph\u00e8re-trois-personnages-sous-la-pluie-et-parapluie-rouge-scaled-e1600450221321.jpg\"><img loading=\"lazy\" decoding=\"async\" width=\"1024\" height=\"773\" data-id=\"2154\" src=\"https:\/\/www.damery.com\/petrawauters\/wp-content\/uploads\/2020\/05\/Atmosph\u00e8re-trois-personnages-sous-la-pluie-et-parapluie-rouge-1024x773.jpg\" alt=\"\" class=\"wp-image-2154\"\/><\/a><figcaption class=\"wp-element-caption\">Trois personnages sous la pluie<\/figcaption><\/figure>\n\n\n\n<figure class=\"wp-block-image size-large is-style-default\"><a href=\"https:\/\/www.damery.com\/petrawauters\/wp-content\/uploads\/2020\/05\/Atmosph\u00e8re-trois-personnages-sous-la-pluis-d\u00e9t\u00e9-1-e1600450335199.jpg\"><img loading=\"lazy\" decoding=\"async\" width=\"684\" height=\"1024\" data-id=\"2160\" src=\"https:\/\/www.damery.com\/petrawauters\/wp-content\/uploads\/2020\/05\/Atmosph\u00e8re-trois-personnages-sous-la-pluis-d\u00e9t\u00e9-1-684x1024.jpg\" alt=\"\" class=\"wp-image-2160\"\/><\/a><figcaption class=\"wp-element-caption\">Trois personnages sous la pluie d&rsquo;\u00e9t\u00e9<\/figcaption><\/figure>\n<\/figure>\n\n\n\n<figure class=\"wp-block-gallery aligncenter has-nested-images columns-default is-cropped wp-block-gallery-4 is-layout-flex wp-block-gallery-is-layout-flex\">\n<figure class=\"wp-block-image size-large is-style-default\"><a href=\"https:\/\/www.damery.com\/petrawauters\/wp-content\/uploads\/2020\/05\/Atmosph\u00e8re-mere-enfant-la-pluie-d\u00e9t\u00e9.jpg\"><img loading=\"lazy\" decoding=\"async\" width=\"631\" height=\"893\" data-id=\"2138\" src=\"https:\/\/www.damery.com\/petrawauters\/wp-content\/uploads\/2020\/05\/Atmosph\u00e8re-mere-enfant-la-pluie-d\u00e9t\u00e9.jpg\" alt=\"\" class=\"wp-image-2138\" srcset=\"https:\/\/www.damery.com\/petrawauters\/wp-content\/uploads\/2020\/05\/Atmosph\u00e8re-mere-enfant-la-pluie-d\u00e9t\u00e9.jpg 631w, https:\/\/www.damery.com\/petrawauters\/wp-content\/uploads\/2020\/05\/Atmosph\u00e8re-mere-enfant-la-pluie-d\u00e9t\u00e9-212x300.jpg 212w\" sizes=\"(max-width: 631px) 100vw, 631px\" \/><\/a><figcaption class=\"wp-element-caption\">Une m\u00e8re et son enfant sous une pluie d&rsquo;\u00e9t\u00e9<\/figcaption><\/figure>\n\n\n\n<figure class=\"wp-block-image size-large is-style-default\"><a href=\"https:\/\/www.damery.com\/petrawauters\/wp-content\/uploads\/2020\/05\/Atmosph\u00e8re-jeux-de-lumi\u00e8res-dans-les-dunes.jpg\"><img loading=\"lazy\" decoding=\"async\" width=\"1024\" height=\"685\" data-id=\"2165\" src=\"https:\/\/www.damery.com\/petrawauters\/wp-content\/uploads\/2020\/05\/Atmosph\u00e8re-jeux-de-lumi\u00e8res-dans-les-dunes-1024x685.jpg\" alt=\"\" class=\"wp-image-2165\" srcset=\"https:\/\/www.damery.com\/petrawauters\/wp-content\/uploads\/2020\/05\/Atmosph\u00e8re-jeux-de-lumi\u00e8res-dans-les-dunes-1024x685.jpg 1024w, https:\/\/www.damery.com\/petrawauters\/wp-content\/uploads\/2020\/05\/Atmosph\u00e8re-jeux-de-lumi\u00e8res-dans-les-dunes-300x201.jpg 300w, https:\/\/www.damery.com\/petrawauters\/wp-content\/uploads\/2020\/05\/Atmosph\u00e8re-jeux-de-lumi\u00e8res-dans-les-dunes-768x514.jpg 768w, https:\/\/www.damery.com\/petrawauters\/wp-content\/uploads\/2020\/05\/Atmosph\u00e8re-jeux-de-lumi\u00e8res-dans-les-dunes.jpg 1280w\" sizes=\"(max-width: 1024px) 100vw, 1024px\" \/><\/a><figcaption class=\"wp-element-caption\">Dunes et oyats dans les violets<\/figcaption><\/figure>\n\n\n\n<figure class=\"wp-block-image size-large is-style-default\"><a href=\"https:\/\/www.damery.com\/petrawauters\/wp-content\/uploads\/2020\/09\/atmosph\u00e8re-marine-1-copie.jpg\"><img loading=\"lazy\" decoding=\"async\" width=\"156\" height=\"274\" data-id=\"2277\" src=\"https:\/\/www.damery.com\/petrawauters\/wp-content\/uploads\/2020\/09\/atmosph\u00e8re-marine-1-copie.jpg\" alt=\"\" class=\"wp-image-2277\"\/><\/a><figcaption class=\"wp-element-caption\"><em>Voilier rouge<\/em><\/figcaption><\/figure>\n<\/figure>\n\n\n\n<figure class=\"wp-block-gallery aligncenter has-nested-images columns-default wp-block-gallery-5 is-layout-flex wp-block-gallery-is-layout-flex\"><\/figure>\n\n\n\n<p><\/p>\n","protected":false},"excerpt":{"rendered":"","protected":false},"author":3,"featured_media":0,"parent":0,"menu_order":0,"comment_status":"closed","ping_status":"closed","template":"","meta":{"footnotes":""},"_links":{"self":[{"href":"https:\/\/www.damery.com\/petrawauters\/wp-json\/wp\/v2\/pages\/451"}],"collection":[{"href":"https:\/\/www.damery.com\/petrawauters\/wp-json\/wp\/v2\/pages"}],"about":[{"href":"https:\/\/www.damery.com\/petrawauters\/wp-json\/wp\/v2\/types\/page"}],"author":[{"embeddable":true,"href":"https:\/\/www.damery.com\/petrawauters\/wp-json\/wp\/v2\/users\/3"}],"replies":[{"embeddable":true,"href":"https:\/\/www.damery.com\/petrawauters\/wp-json\/wp\/v2\/comments?post=451"}],"version-history":[{"count":87,"href":"https:\/\/www.damery.com\/petrawauters\/wp-json\/wp\/v2\/pages\/451\/revisions"}],"predecessor-version":[{"id":3677,"href":"https:\/\/www.damery.com\/petrawauters\/wp-json\/wp\/v2\/pages\/451\/revisions\/3677"}],"wp:attachment":[{"href":"https:\/\/www.damery.com\/petrawauters\/wp-json\/wp\/v2\/media?parent=451"}],"curies":[{"name":"wp","href":"https:\/\/api.w.org\/{rel}","templated":true}]}}