{"id":3315,"date":"2022-02-05T11:02:18","date_gmt":"2022-02-05T10:02:18","guid":{"rendered":"https:\/\/www.damery.com\/petrawauters\/?page_id=3315"},"modified":"2024-09-18T18:08:34","modified_gmt":"2024-09-18T17:08:34","slug":"vignobles","status":"publish","type":"page","link":"https:\/\/www.damery.com\/petrawauters\/vignobles\/","title":{"rendered":"Vignobles"},"content":{"rendered":"\n<h2 class=\"wp-block-heading has-text-align-center has-green-color has-text-color\" id=\"chateau-de-sannes\">Ch\u00e2teau de Sannes<\/h2>\n\n\n\n<div style=\"height:20px\" aria-hidden=\"true\" class=\"wp-block-spacer\"><\/div>\n\n\n\n<figure class=\"wp-block-gallery has-nested-images columns-default is-cropped wp-block-gallery-1 is-layout-flex wp-block-gallery-is-layout-flex\">\n<figure class=\"wp-block-image size-large is-style-default\"><a href=\"https:\/\/www.damery.com\/petrawauters\/wp-content\/uploads\/2022\/02\/Lamphitheatre-des-cedres-Chateau-de-Sannes-1-scaled.jpg\"><img loading=\"lazy\" decoding=\"async\" width=\"520\" height=\"390\" data-id=\"3338\" src=\"https:\/\/www.damery.com\/petrawauters\/wp-content\/uploads\/2022\/02\/Lamphitheatre-des-cedres-Chateau-de-Sannes-1-520x390.jpg\" alt=\"\" class=\"wp-image-3338\" srcset=\"https:\/\/www.damery.com\/petrawauters\/wp-content\/uploads\/2022\/02\/Lamphitheatre-des-cedres-Chateau-de-Sannes-1-520x390.jpg 520w, https:\/\/www.damery.com\/petrawauters\/wp-content\/uploads\/2022\/02\/Lamphitheatre-des-cedres-Chateau-de-Sannes-1-300x225.jpg 300w, https:\/\/www.damery.com\/petrawauters\/wp-content\/uploads\/2022\/02\/Lamphitheatre-des-cedres-Chateau-de-Sannes-1-768x576.jpg 768w, https:\/\/www.damery.com\/petrawauters\/wp-content\/uploads\/2022\/02\/Lamphitheatre-des-cedres-Chateau-de-Sannes-1-1536x1152.jpg 1536w, https:\/\/www.damery.com\/petrawauters\/wp-content\/uploads\/2022\/02\/Lamphitheatre-des-cedres-Chateau-de-Sannes-1-2048x1536.jpg 2048w\" sizes=\"(max-width: 520px) 100vw, 520px\" \/><\/a><figcaption class=\"wp-element-caption\">L&rsquo;amphith\u00e9\u00e2tre des c\u00e8dres<\/figcaption><\/figure>\n\n\n\n<figure class=\"wp-block-image size-large is-style-default\"><a href=\"https:\/\/www.damery.com\/petrawauters\/wp-content\/uploads\/2022\/02\/Le-Colombier-Chateau-de-Sannes-1-1-scaled.jpg\"><img loading=\"lazy\" decoding=\"async\" width=\"520\" height=\"377\" data-id=\"3337\" src=\"https:\/\/www.damery.com\/petrawauters\/wp-content\/uploads\/2022\/02\/Le-Colombier-Chateau-de-Sannes-1-1-520x377.jpg\" alt=\"\" class=\"wp-image-3337\" srcset=\"https:\/\/www.damery.com\/petrawauters\/wp-content\/uploads\/2022\/02\/Le-Colombier-Chateau-de-Sannes-1-1-520x377.jpg 520w, https:\/\/www.damery.com\/petrawauters\/wp-content\/uploads\/2022\/02\/Le-Colombier-Chateau-de-Sannes-1-1-300x217.jpg 300w, https:\/\/www.damery.com\/petrawauters\/wp-content\/uploads\/2022\/02\/Le-Colombier-Chateau-de-Sannes-1-1-768x557.jpg 768w, https:\/\/www.damery.com\/petrawauters\/wp-content\/uploads\/2022\/02\/Le-Colombier-Chateau-de-Sannes-1-1-1536x1113.jpg 1536w, https:\/\/www.damery.com\/petrawauters\/wp-content\/uploads\/2022\/02\/Le-Colombier-Chateau-de-Sannes-1-1-2048x1484.jpg 2048w\" sizes=\"(max-width: 520px) 100vw, 520px\" \/><\/a><figcaption class=\"wp-element-caption\">Le Colombier<\/figcaption><\/figure>\n\n\n\n<figure class=\"wp-block-image size-large is-style-default\"><a href=\"https:\/\/www.damery.com\/petrawauters\/wp-content\/uploads\/2022\/02\/Le-moulin-1-dans-les-vignes-et-coquelicots-Chateau-de-Sannes-1-scaled.jpg\"><img loading=\"lazy\" decoding=\"async\" width=\"416\" height=\"520\" data-id=\"3335\" src=\"https:\/\/www.damery.com\/petrawauters\/wp-content\/uploads\/2022\/02\/Le-moulin-1-dans-les-vignes-et-coquelicots-Chateau-de-Sannes-1-416x520.jpg\" alt=\"\" class=\"wp-image-3335\" srcset=\"https:\/\/www.damery.com\/petrawauters\/wp-content\/uploads\/2022\/02\/Le-moulin-1-dans-les-vignes-et-coquelicots-Chateau-de-Sannes-1-416x520.jpg 416w, https:\/\/www.damery.com\/petrawauters\/wp-content\/uploads\/2022\/02\/Le-moulin-1-dans-les-vignes-et-coquelicots-Chateau-de-Sannes-1-240x300.jpg 240w, https:\/\/www.damery.com\/petrawauters\/wp-content\/uploads\/2022\/02\/Le-moulin-1-dans-les-vignes-et-coquelicots-Chateau-de-Sannes-1-768x960.jpg 768w, https:\/\/www.damery.com\/petrawauters\/wp-content\/uploads\/2022\/02\/Le-moulin-1-dans-les-vignes-et-coquelicots-Chateau-de-Sannes-1-1228x1536.jpg 1228w, https:\/\/www.damery.com\/petrawauters\/wp-content\/uploads\/2022\/02\/Le-moulin-1-dans-les-vignes-et-coquelicots-Chateau-de-Sannes-1-1638x2048.jpg 1638w, https:\/\/www.damery.com\/petrawauters\/wp-content\/uploads\/2022\/02\/Le-moulin-1-dans-les-vignes-et-coquelicots-Chateau-de-Sannes-1-scaled.jpg 2047w\" sizes=\"(max-width: 416px) 100vw, 416px\" \/><\/a><figcaption class=\"wp-element-caption\">Le moulin 1 dans les vignes et coquelicots<\/figcaption><\/figure>\n\n\n\n<figure class=\"wp-block-image size-large is-style-default\"><a href=\"https:\/\/www.damery.com\/petrawauters\/wp-content\/uploads\/2022\/02\/Moulin-2-dans-les-vignes-Chateau-de-Sannes-1-scaled.jpg\"><img loading=\"lazy\" decoding=\"async\" width=\"497\" height=\"520\" data-id=\"3334\" src=\"https:\/\/www.damery.com\/petrawauters\/wp-content\/uploads\/2022\/02\/Moulin-2-dans-les-vignes-Chateau-de-Sannes-1-497x520.jpg\" alt=\"\" class=\"wp-image-3334\" srcset=\"https:\/\/www.damery.com\/petrawauters\/wp-content\/uploads\/2022\/02\/Moulin-2-dans-les-vignes-Chateau-de-Sannes-1-497x520.jpg 497w, https:\/\/www.damery.com\/petrawauters\/wp-content\/uploads\/2022\/02\/Moulin-2-dans-les-vignes-Chateau-de-Sannes-1-286x300.jpg 286w, https:\/\/www.damery.com\/petrawauters\/wp-content\/uploads\/2022\/02\/Moulin-2-dans-les-vignes-Chateau-de-Sannes-1-768x804.jpg 768w, https:\/\/www.damery.com\/petrawauters\/wp-content\/uploads\/2022\/02\/Moulin-2-dans-les-vignes-Chateau-de-Sannes-1-1467x1536.jpg 1467w, https:\/\/www.damery.com\/petrawauters\/wp-content\/uploads\/2022\/02\/Moulin-2-dans-les-vignes-Chateau-de-Sannes-1-1956x2048.jpg 1956w\" sizes=\"(max-width: 497px) 100vw, 497px\" \/><\/a><figcaption class=\"wp-element-caption\">Moulin 2 dans les vignes<\/figcaption><\/figure>\n\n\n\n<figure class=\"wp-block-image size-large is-style-default\"><a href=\"https:\/\/www.damery.com\/petrawauters\/wp-content\/uploads\/2022\/02\/La-chapelle-Chateau-de-Sannes-1-scaled.jpg\"><img loading=\"lazy\" decoding=\"async\" width=\"334\" height=\"520\" data-id=\"3336\" src=\"https:\/\/www.damery.com\/petrawauters\/wp-content\/uploads\/2022\/02\/La-chapelle-Chateau-de-Sannes-1-334x520.jpg\" alt=\"\" class=\"wp-image-3336\" srcset=\"https:\/\/www.damery.com\/petrawauters\/wp-content\/uploads\/2022\/02\/La-chapelle-Chateau-de-Sannes-1-334x520.jpg 334w, https:\/\/www.damery.com\/petrawauters\/wp-content\/uploads\/2022\/02\/La-chapelle-Chateau-de-Sannes-1-192x300.jpg 192w, https:\/\/www.damery.com\/petrawauters\/wp-content\/uploads\/2022\/02\/La-chapelle-Chateau-de-Sannes-1-768x1197.jpg 768w, https:\/\/www.damery.com\/petrawauters\/wp-content\/uploads\/2022\/02\/La-chapelle-Chateau-de-Sannes-1-985x1536.jpg 985w, https:\/\/www.damery.com\/petrawauters\/wp-content\/uploads\/2022\/02\/La-chapelle-Chateau-de-Sannes-1-1314x2048.jpg 1314w, https:\/\/www.damery.com\/petrawauters\/wp-content\/uploads\/2022\/02\/La-chapelle-Chateau-de-Sannes-1-scaled.jpg 1642w\" sizes=\"(max-width: 334px) 100vw, 334px\" \/><\/a><figcaption class=\"wp-element-caption\">La chapelle<\/figcaption><\/figure>\n\n\n\n<figure class=\"wp-block-image size-large is-style-default\"><a href=\"https:\/\/www.damery.com\/petrawauters\/wp-content\/uploads\/2022\/02\/La-maison-des-amis-ancienne-bergerie-Chateau-de-Sannes--scaled.jpg\"><img loading=\"lazy\" decoding=\"async\" width=\"2560\" height=\"2112\" data-id=\"3322\" src=\"https:\/\/www.damery.com\/petrawauters\/wp-content\/uploads\/2022\/02\/La-maison-des-amis-ancienne-bergerie-Chateau-de-Sannes--scaled.jpg\" alt=\"\" class=\"wp-image-3322\" srcset=\"https:\/\/www.damery.com\/petrawauters\/wp-content\/uploads\/2022\/02\/La-maison-des-amis-ancienne-bergerie-Chateau-de-Sannes--scaled.jpg 2560w, https:\/\/www.damery.com\/petrawauters\/wp-content\/uploads\/2022\/02\/La-maison-des-amis-ancienne-bergerie-Chateau-de-Sannes--300x248.jpg 300w, https:\/\/www.damery.com\/petrawauters\/wp-content\/uploads\/2022\/02\/La-maison-des-amis-ancienne-bergerie-Chateau-de-Sannes--520x429.jpg 520w, https:\/\/www.damery.com\/petrawauters\/wp-content\/uploads\/2022\/02\/La-maison-des-amis-ancienne-bergerie-Chateau-de-Sannes--768x634.jpg 768w, https:\/\/www.damery.com\/petrawauters\/wp-content\/uploads\/2022\/02\/La-maison-des-amis-ancienne-bergerie-Chateau-de-Sannes--1536x1267.jpg 1536w, https:\/\/www.damery.com\/petrawauters\/wp-content\/uploads\/2022\/02\/La-maison-des-amis-ancienne-bergerie-Chateau-de-Sannes--2048x1690.jpg 2048w\" sizes=\"(max-width: 2560px) 100vw, 2560px\" \/><\/a><figcaption class=\"wp-element-caption\">La maison des amis, ancienne bergerie<\/figcaption><\/figure>\n\n\n\n<figure class=\"wp-block-image size-large is-style-default\"><a href=\"https:\/\/www.damery.com\/petrawauters\/wp-content\/uploads\/2022\/02\/Le-jardin-a-la-francaise-Chateau-de-Sannes.jpg\"><img loading=\"lazy\" decoding=\"async\" width=\"374\" height=\"520\" data-id=\"3340\" src=\"https:\/\/www.damery.com\/petrawauters\/wp-content\/uploads\/2022\/02\/Le-jardin-a-la-francaise-Chateau-de-Sannes-374x520.jpg\" alt=\"\" class=\"wp-image-3340\" srcset=\"https:\/\/www.damery.com\/petrawauters\/wp-content\/uploads\/2022\/02\/Le-jardin-a-la-francaise-Chateau-de-Sannes-374x520.jpg 374w, https:\/\/www.damery.com\/petrawauters\/wp-content\/uploads\/2022\/02\/Le-jardin-a-la-francaise-Chateau-de-Sannes-216x300.jpg 216w, https:\/\/www.damery.com\/petrawauters\/wp-content\/uploads\/2022\/02\/Le-jardin-a-la-francaise-Chateau-de-Sannes-768x1069.jpg 768w, https:\/\/www.damery.com\/petrawauters\/wp-content\/uploads\/2022\/02\/Le-jardin-a-la-francaise-Chateau-de-Sannes-1104x1536.jpg 1104w, https:\/\/www.damery.com\/petrawauters\/wp-content\/uploads\/2022\/02\/Le-jardin-a-la-francaise-Chateau-de-Sannes-1471x2048.jpg 1471w, https:\/\/www.damery.com\/petrawauters\/wp-content\/uploads\/2022\/02\/Le-jardin-a-la-francaise-Chateau-de-Sannes.jpg 1544w\" sizes=\"(max-width: 374px) 100vw, 374px\" \/><\/a><figcaption class=\"wp-element-caption\">Le jardin \u00e0 la francaise<\/figcaption><\/figure>\n\n\n\n<figure class=\"wp-block-image size-large is-style-default\"><a href=\"https:\/\/www.damery.com\/petrawauters\/wp-content\/uploads\/2022\/02\/Le-moulin-au-loin-vignes-et-coquelicots-Chateau-de-Sannes-scaled.jpg\"><img loading=\"lazy\" decoding=\"async\" width=\"520\" height=\"381\" data-id=\"3341\" src=\"https:\/\/www.damery.com\/petrawauters\/wp-content\/uploads\/2022\/02\/Le-moulin-au-loin-vignes-et-coquelicots-Chateau-de-Sannes-520x381.jpg\" alt=\"\" class=\"wp-image-3341\" srcset=\"https:\/\/www.damery.com\/petrawauters\/wp-content\/uploads\/2022\/02\/Le-moulin-au-loin-vignes-et-coquelicots-Chateau-de-Sannes-520x381.jpg 520w, https:\/\/www.damery.com\/petrawauters\/wp-content\/uploads\/2022\/02\/Le-moulin-au-loin-vignes-et-coquelicots-Chateau-de-Sannes-300x220.jpg 300w, https:\/\/www.damery.com\/petrawauters\/wp-content\/uploads\/2022\/02\/Le-moulin-au-loin-vignes-et-coquelicots-Chateau-de-Sannes-768x563.jpg 768w, https:\/\/www.damery.com\/petrawauters\/wp-content\/uploads\/2022\/02\/Le-moulin-au-loin-vignes-et-coquelicots-Chateau-de-Sannes-1536x1125.jpg 1536w, https:\/\/www.damery.com\/petrawauters\/wp-content\/uploads\/2022\/02\/Le-moulin-au-loin-vignes-et-coquelicots-Chateau-de-Sannes-2048x1500.jpg 2048w\" sizes=\"(max-width: 520px) 100vw, 520px\" \/><\/a><figcaption class=\"wp-element-caption\">Le moulin au loin, vignes et coquelicots<\/figcaption><\/figure>\n\n\n\n<figure class=\"wp-block-image size-large is-style-default\"><a href=\"https:\/\/www.damery.com\/petrawauters\/wp-content\/uploads\/2022\/02\/Vignes-devant-le-Luberon-Chateau-de-Sannes-scaled.jpg\"><img loading=\"lazy\" decoding=\"async\" width=\"520\" height=\"433\" data-id=\"3342\" src=\"https:\/\/www.damery.com\/petrawauters\/wp-content\/uploads\/2022\/02\/Vignes-devant-le-Luberon-Chateau-de-Sannes-520x433.jpg\" alt=\"\" class=\"wp-image-3342\" srcset=\"https:\/\/www.damery.com\/petrawauters\/wp-content\/uploads\/2022\/02\/Vignes-devant-le-Luberon-Chateau-de-Sannes-520x433.jpg 520w, https:\/\/www.damery.com\/petrawauters\/wp-content\/uploads\/2022\/02\/Vignes-devant-le-Luberon-Chateau-de-Sannes-300x250.jpg 300w, https:\/\/www.damery.com\/petrawauters\/wp-content\/uploads\/2022\/02\/Vignes-devant-le-Luberon-Chateau-de-Sannes-768x639.jpg 768w, https:\/\/www.damery.com\/petrawauters\/wp-content\/uploads\/2022\/02\/Vignes-devant-le-Luberon-Chateau-de-Sannes-1536x1278.jpg 1536w, https:\/\/www.damery.com\/petrawauters\/wp-content\/uploads\/2022\/02\/Vignes-devant-le-Luberon-Chateau-de-Sannes-2048x1704.jpg 2048w\" sizes=\"(max-width: 520px) 100vw, 520px\" \/><\/a><figcaption class=\"wp-element-caption\">Vignes devant le Luberon<\/figcaption><\/figure>\n\n\n\n<figure class=\"wp-block-image size-large is-style-default\"><img loading=\"lazy\" decoding=\"async\" width=\"520\" height=\"427\" data-id=\"3363\" src=\"https:\/\/www.damery.com\/petrawauters\/wp-content\/uploads\/2022\/09\/IMG_2864-1-520x427.jpeg\" alt=\"\" class=\"wp-image-3363\" srcset=\"https:\/\/www.damery.com\/petrawauters\/wp-content\/uploads\/2022\/09\/IMG_2864-1-520x427.jpeg 520w, https:\/\/www.damery.com\/petrawauters\/wp-content\/uploads\/2022\/09\/IMG_2864-1-300x246.jpeg 300w, https:\/\/www.damery.com\/petrawauters\/wp-content\/uploads\/2022\/09\/IMG_2864-1-768x630.jpeg 768w, https:\/\/www.damery.com\/petrawauters\/wp-content\/uploads\/2022\/09\/IMG_2864-1-1536x1260.jpeg 1536w, https:\/\/www.damery.com\/petrawauters\/wp-content\/uploads\/2022\/09\/IMG_2864-1-2048x1681.jpeg 2048w\" sizes=\"(max-width: 520px) 100vw, 520px\" \/><figcaption class=\"wp-element-caption\">La verri\u00e8re, Ch\u00e2teau de Sannes<\/figcaption><\/figure>\n\n\n\n<figure class=\"wp-block-image size-large is-style-default\"><img loading=\"lazy\" decoding=\"async\" width=\"384\" height=\"520\" data-id=\"3362\" src=\"https:\/\/www.damery.com\/petrawauters\/wp-content\/uploads\/2022\/09\/IMG_1458-384x520.jpeg\" alt=\"\" class=\"wp-image-3362\" srcset=\"https:\/\/www.damery.com\/petrawauters\/wp-content\/uploads\/2022\/09\/IMG_1458-384x520.jpeg 384w, https:\/\/www.damery.com\/petrawauters\/wp-content\/uploads\/2022\/09\/IMG_1458-221x300.jpeg 221w, https:\/\/www.damery.com\/petrawauters\/wp-content\/uploads\/2022\/09\/IMG_1458-768x1041.jpeg 768w, https:\/\/www.damery.com\/petrawauters\/wp-content\/uploads\/2022\/09\/IMG_1458-1133x1536.jpeg 1133w, https:\/\/www.damery.com\/petrawauters\/wp-content\/uploads\/2022\/09\/IMG_1458-1511x2048.jpeg 1511w, https:\/\/www.damery.com\/petrawauters\/wp-content\/uploads\/2022\/09\/IMG_1458-scaled.jpeg 1889w\" sizes=\"(max-width: 384px) 100vw, 384px\" \/><figcaption class=\"wp-element-caption\">Un petit chemin, \u00e0 Sannes<\/figcaption><\/figure>\n\n\n\n<figure class=\"wp-block-image size-large is-style-default\"><img loading=\"lazy\" decoding=\"async\" width=\"416\" height=\"520\" data-id=\"3361\" src=\"https:\/\/www.damery.com\/petrawauters\/wp-content\/uploads\/2022\/09\/5D813D92-4156-4BEA-A0B4-B849B0824ED4-416x520.jpeg\" alt=\"\" class=\"wp-image-3361\" srcset=\"https:\/\/www.damery.com\/petrawauters\/wp-content\/uploads\/2022\/09\/5D813D92-4156-4BEA-A0B4-B849B0824ED4-416x520.jpeg 416w, https:\/\/www.damery.com\/petrawauters\/wp-content\/uploads\/2022\/09\/5D813D92-4156-4BEA-A0B4-B849B0824ED4-240x300.jpeg 240w, https:\/\/www.damery.com\/petrawauters\/wp-content\/uploads\/2022\/09\/5D813D92-4156-4BEA-A0B4-B849B0824ED4-768x960.jpeg 768w, https:\/\/www.damery.com\/petrawauters\/wp-content\/uploads\/2022\/09\/5D813D92-4156-4BEA-A0B4-B849B0824ED4.jpeg 900w\" sizes=\"(max-width: 416px) 100vw, 416px\" \/><figcaption class=\"wp-element-caption\">Vue rapproch\u00e9e du Ch\u00e2teau et le parc<\/figcaption><\/figure>\n<\/figure>\n\n\n\n<figure class=\"wp-block-gallery has-nested-images columns-default is-cropped wp-block-gallery-2 is-layout-flex wp-block-gallery-is-layout-flex\">\n<figure class=\"wp-block-image size-medium is-style-default\"><a href=\"https:\/\/www.damery.com\/petrawauters\/wp-content\/uploads\/2022\/09\/IMG_3022-scaled.jpeg\"><img loading=\"lazy\" decoding=\"async\" width=\"422\" height=\"520\" data-id=\"3385\" src=\"https:\/\/www.damery.com\/petrawauters\/wp-content\/uploads\/2022\/09\/IMG_3022-422x520.jpeg\" alt=\"\" class=\"wp-image-3385\" srcset=\"https:\/\/www.damery.com\/petrawauters\/wp-content\/uploads\/2022\/09\/IMG_3022-422x520.jpeg 422w, https:\/\/www.damery.com\/petrawauters\/wp-content\/uploads\/2022\/09\/IMG_3022-244x300.jpeg 244w, https:\/\/www.damery.com\/petrawauters\/wp-content\/uploads\/2022\/09\/IMG_3022-768x946.jpeg 768w, https:\/\/www.damery.com\/petrawauters\/wp-content\/uploads\/2022\/09\/IMG_3022-1247x1536.jpeg 1247w, https:\/\/www.damery.com\/petrawauters\/wp-content\/uploads\/2022\/09\/IMG_3022-1663x2048.jpeg 1663w\" sizes=\"(max-width: 422px) 100vw, 422px\" \/><\/a><figcaption class=\"wp-element-caption\">Ch\u00e2teau de Sannes, La chapelle dans la cour<\/figcaption><\/figure>\n<\/figure>\n","protected":false},"excerpt":{"rendered":"<p>Ch\u00e2teau de Sannes<\/p>\n","protected":false},"author":5,"featured_media":0,"parent":0,"menu_order":0,"comment_status":"closed","ping_status":"closed","template":"","meta":{"footnotes":""},"_links":{"self":[{"href":"https:\/\/www.damery.com\/petrawauters\/wp-json\/wp\/v2\/pages\/3315"}],"collection":[{"href":"https:\/\/www.damery.com\/petrawauters\/wp-json\/wp\/v2\/pages"}],"about":[{"href":"https:\/\/www.damery.com\/petrawauters\/wp-json\/wp\/v2\/types\/page"}],"author":[{"embeddable":true,"href":"https:\/\/www.damery.com\/petrawauters\/wp-json\/wp\/v2\/users\/5"}],"replies":[{"embeddable":true,"href":"https:\/\/www.damery.com\/petrawauters\/wp-json\/wp\/v2\/comments?post=3315"}],"version-history":[{"count":22,"href":"https:\/\/www.damery.com\/petrawauters\/wp-json\/wp\/v2\/pages\/3315\/revisions"}],"predecessor-version":[{"id":3538,"href":"https:\/\/www.damery.com\/petrawauters\/wp-json\/wp\/v2\/pages\/3315\/revisions\/3538"}],"wp:attachment":[{"href":"https:\/\/www.damery.com\/petrawauters\/wp-json\/wp\/v2\/media?parent=3315"}],"curies":[{"name":"wp","href":"https:\/\/api.w.org\/{rel}","templated":true}]}}