{"id":2308,"date":"2010-11-21T08:39:40","date_gmt":"2010-11-21T07:39:40","guid":{"rendered":"http:\/\/www.damery.com\/famille\/"},"modified":"2011-09-28T10:55:03","modified_gmt":"2011-09-28T08:55:03","slug":"presentations","status":"publish","type":"page","link":"http:\/\/www.damery.com\/famille\/presentations\/","title":{"rendered":"Pr\u00e9sentations"},"content":{"rendered":"<p>Qui sommes-nous? Voici quelques lignes qui pourront vous \u00e9clairer (avec dates de naissance des enfants pour ceux que \u00e7a int\u00e9resse&#8230; )<\/p>\n<h3><strong><a href=\"http:\/\/www.damery.com\/famille\/wp-content\/uploads\/2010\/11\/seb-BB.jpg\"><img loading=\"lazy\" class=\"size-thumbnail wp-image-2326 alignright\" title=\"seb BB\" src=\"http:\/\/www.damery.com\/famille\/wp-content\/uploads\/2010\/11\/seb-BB-150x150.jpg\" alt=\"\" width=\"150\" height=\"150\" srcset=\"http:\/\/www.damery.com\/famille\/wp-content\/uploads\/2010\/11\/seb-BB-150x150.jpg 150w, http:\/\/www.damery.com\/famille\/wp-content\/uploads\/2010\/11\/seb-BB.jpg 272w\" sizes=\"(max-width: 150px) 100vw, 150px\" \/><\/a>S\u00e9bastien<\/strong><\/h3>\n<p>Le papa, n\u00e9 un 30 octobre 1974, \u00e0 Delle. Musicien ayant d\u00e9cid\u00e9 de bosser dans d&rsquo;autres domaines: cr\u00e9ation de sites internet et charg\u00e9 de communication pour la ville de Venelles.<\/p>\n<p><span style=\"color: #ffffff;\">.<\/span><\/p>\n<p><span style=\"color: #ffffff;\">.<\/span><\/p>\n<p><img loading=\"lazy\" class=\"alignleft size-full wp-image-2317\" title=\"PSkaro\" src=\"http:\/\/www.damery.com\/famille\/wp-content\/uploads\/2010\/11\/PSkaro.jpg\" alt=\"\" width=\"150\" height=\"150\" srcset=\"http:\/\/www.damery.com\/famille\/wp-content\/uploads\/2010\/11\/PSkaro.jpg 279w, http:\/\/www.damery.com\/famille\/wp-content\/uploads\/2010\/11\/PSkaro-150x150.jpg 150w\" sizes=\"(max-width: 150px) 100vw, 150px\" \/><\/p>\n<h3><strong>Karoline<\/strong><\/h3>\n<p>La maman, n\u00e9e le 24 avril 1978, \u00e0 Nice. Professeur des \u00e9coles apr\u00e8s avoir enseign\u00e9 le piano presque 10 ans \u00e0 Londres.<\/p>\n<p><span style=\"color: #ffffff;\">.<\/span><\/p>\n<p><span style=\"color: #ffffff;\">.<\/span><\/p>\n<p><span style=\"color: #ffffff;\">. <\/span><\/p>\n<h3><a href=\"http:\/\/www.damery.com\/famille\/wp-content\/uploads\/2010\/11\/IMG_6094_2.jpg\"><img loading=\"lazy\" class=\"size-thumbnail wp-image-2318 alignright\" title=\"IMG_6094_2\" src=\"http:\/\/www.damery.com\/famille\/wp-content\/uploads\/2010\/11\/IMG_6094_2-150x150.jpg\" alt=\"\" width=\"150\" height=\"150\" srcset=\"http:\/\/www.damery.com\/famille\/wp-content\/uploads\/2010\/11\/IMG_6094_2-150x150.jpg 150w, http:\/\/www.damery.com\/famille\/wp-content\/uploads\/2010\/11\/IMG_6094_2-300x300.jpg 300w, http:\/\/www.damery.com\/famille\/wp-content\/uploads\/2010\/11\/IMG_6094_2.jpg 1000w\" sizes=\"(max-width: 150px) 100vw, 150px\" \/><\/a><strong>Cl\u00e9mence<\/strong><\/h3>\n<p>N\u00e9e le 8 f\u00e9vrier 2002, \u00e0 Londres. Petite fille \u00a0qui marche tr\u00e8s bien \u00e0 l&rsquo;\u00e9cole, est hyper sociable et \u00e0 l&rsquo;aise dans ses baskets, tr\u00e8s ind\u00e9pendante et autonome. Mais n&rsquo;\u00e9coute pas toujours et a du mal \u00e0 g\u00e9rer sa fatigue, \u00a0est tr\u00e8s sensible&#8230;<br \/>\nToujours \u00e0 fond dans la lecture, toujours un livre \u00e0 la main d&rsquo;ailleurs&#8230;<br \/>\nElle continue le violon, et la danse classique pour laquelle elle est tr\u00e8s dou\u00e9e.<\/p>\n<p><span style=\"color: #ffffff;\">.<\/span><\/p>\n<h3><strong><a href=\"http:\/\/www.damery.com\/famille\/wp-content\/uploads\/2010\/11\/IMG_1329.jpg\"><img loading=\"lazy\" class=\"alignleft size-thumbnail wp-image-2319\" title=\"Back Camera\" src=\"http:\/\/www.damery.com\/famille\/wp-content\/uploads\/2010\/11\/IMG_1329-150x150.jpg\" alt=\"\" width=\"150\" height=\"150\" srcset=\"http:\/\/www.damery.com\/famille\/wp-content\/uploads\/2010\/11\/IMG_1329-150x150.jpg 150w, http:\/\/www.damery.com\/famille\/wp-content\/uploads\/2010\/11\/IMG_1329-300x300.jpg 300w, http:\/\/www.damery.com\/famille\/wp-content\/uploads\/2010\/11\/IMG_1329.jpg 667w\" sizes=\"(max-width: 150px) 100vw, 150px\" \/><\/a>Sophie<\/strong><\/h3>\n<p>N\u00e9e le 6 novembre 2003, \u00e0 Londres. Petite fille qui marche \u00e9galement tr\u00e8s bien \u00e0 l&rsquo;\u00e9cole, une logique \u00e0 toute \u00e9preuve, tout devrait avoir une explication et rentrer dans des cases. Enfant enti\u00e8re, au rire communicatif, qui a une \u00e9norme besoin d&rsquo;attention. A d&rsquo;ailleurs du mal \u00e0 accepter la frustration et peut parfois \u00eatre un peu dictatoriale&#8230;<br \/>\nAime lire mais a surtout une passion pour les BD (des schtroumpfs notamment).<br \/>\nA commenc\u00e9 le violoncelle cette ann\u00e9e, ainsi que la danse orientale.<\/p>\n<p><span style=\"color: #ffffff;\">.<\/span><\/p>\n<h3><strong><a href=\"http:\/\/www.damery.com\/famille\/wp-content\/uploads\/2010\/11\/CIMG0292.jpg\"><img loading=\"lazy\" class=\"size-thumbnail wp-image-2320 alignright\" title=\"CIMG0292\" src=\"http:\/\/www.damery.com\/famille\/wp-content\/uploads\/2010\/11\/CIMG0292-150x150.jpg\" alt=\"\" width=\"150\" height=\"150\" srcset=\"http:\/\/www.damery.com\/famille\/wp-content\/uploads\/2010\/11\/CIMG0292-150x150.jpg 150w, http:\/\/www.damery.com\/famille\/wp-content\/uploads\/2010\/11\/CIMG0292-300x300.jpg 300w, http:\/\/www.damery.com\/famille\/wp-content\/uploads\/2010\/11\/CIMG0292.jpg 1000w\" sizes=\"(max-width: 150px) 100vw, 150px\" \/><\/a>Beno\u00eet<\/strong><\/h3>\n<p>N\u00e9 le 12 juillet 2009, \u00e0 Pertuis. Petit gar\u00e7on tr\u00e8s actif et extr\u00eamement joueur. Un amour de b\u00e9b\u00e9! Au caract\u00e8re facile, il aime qu&rsquo;on joue avec lui, adore ses voitures et les crayons. Il commence \u00e0 parler mais ne semble pas press\u00e9. Par contre il commence les calins et les bisous, il \u00e9tait temps!<br \/>\nSeules les nuits sont encore un peu difficiles, puisqu&rsquo;il se r\u00e9veille encore pour boire de l&rsquo;eau en pleine nuit.<\/p>\n<p>&nbsp;<\/p>\n<p>&nbsp;<\/p>\n<p><img loading=\"lazy\" class=\"alignleft size-full wp-image-3099\" title=\"Ad\u00e8le Damery\" src=\"http:\/\/www.damery.com\/famille\/wp-content\/uploads\/2010\/11\/adeleweb.jpg\" alt=\"\" width=\"159\" height=\"159\" srcset=\"http:\/\/www.damery.com\/famille\/wp-content\/uploads\/2010\/11\/adeleweb.jpg 159w, http:\/\/www.damery.com\/famille\/wp-content\/uploads\/2010\/11\/adeleweb-150x150.jpg 150w\" sizes=\"(max-width: 159px) 100vw, 159px\" \/><\/p>\n<h3>Ad\u00e8le<\/h3>\n<p>N\u00e9e le 28 mai 2011, \u00e0 Pertuis. B\u00e9b\u00e9 facile, elle dort beaucoup (mais pas toujours au bon moment&#8230;), mange un peu en espa\u00e7ant les t\u00e9t\u00e9es, et fait le bonheur de ses fr\u00e8re et soeurs&#8230; Et de ses parents !<\/p>\n","protected":false},"excerpt":{"rendered":"<p>Qui sommes-nous? Voici quelques lignes qui pourront vous \u00e9clairer (avec dates de naissance des enfants pour ceux que \u00e7a int\u00e9resse&#8230; ) S\u00e9bastien Le papa, n\u00e9 un 30 octobre 1974, \u00e0 Delle. Musicien ayant d\u00e9cid\u00e9 de bosser dans d&rsquo;autres domaines: cr\u00e9ation de sites internet et charg\u00e9 de communication pour la ville de Venelles. . . Karoline [&hellip;]<\/p>\n","protected":false},"author":10,"featured_media":0,"parent":0,"menu_order":0,"comment_status":"closed","ping_status":"closed","template":"","meta":[],"_links":{"self":[{"href":"http:\/\/www.damery.com\/famille\/wp-json\/wp\/v2\/pages\/2308"}],"collection":[{"href":"http:\/\/www.damery.com\/famille\/wp-json\/wp\/v2\/pages"}],"about":[{"href":"http:\/\/www.damery.com\/famille\/wp-json\/wp\/v2\/types\/page"}],"author":[{"embeddable":true,"href":"http:\/\/www.damery.com\/famille\/wp-json\/wp\/v2\/users\/10"}],"replies":[{"embeddable":true,"href":"http:\/\/www.damery.com\/famille\/wp-json\/wp\/v2\/comments?post=2308"}],"version-history":[{"count":13,"href":"http:\/\/www.damery.com\/famille\/wp-json\/wp\/v2\/pages\/2308\/revisions"}],"predecessor-version":[{"id":2316,"href":"http:\/\/www.damery.com\/famille\/wp-json\/wp\/v2\/pages\/2308\/revisions\/2316"}],"wp:attachment":[{"href":"http:\/\/www.damery.com\/famille\/wp-json\/wp\/v2\/media?parent=2308"}],"curies":[{"name":"wp","href":"https:\/\/api.w.org\/{rel}","templated":true}]}}